{"id":4265,"date":"2020-12-09T20:02:15","date_gmt":"2020-12-09T19:02:15","guid":{"rendered":"http:\/\/xmaster.it\/rtsgroup\/?page_id=4265"},"modified":"2020-12-09T20:09:30","modified_gmt":"2020-12-09T19:09:30","slug":"point-service","status":"publish","type":"page","link":"https:\/\/xmaster.it\/rtsgroup\/network-officine\/point-service\/","title":{"rendered":"Point Service"},"content":{"rendered":"\t\t<div data-elementor-type=\"wp-page\" data-elementor-id=\"4265\" class=\"elementor elementor-4265\">\n\t\t\t\t\t\t\t\t\t<section data-dce-background-overlay-color=\"#1E5BA4\" data-dce-background-image-url=\"https:\/\/xmaster.it\/ggroup\/wp-content\/uploads\/sites\/3\/2020\/12\/officina-pointservice.jpg\" class=\"elementor-section elementor-top-section elementor-element elementor-element-4bb831de elementor-section-height-min-height elementor-section-items-top elementor-section-boxed elementor-section-height-default\" data-id=\"4bb831de\" data-element_type=\"section\" data-settings=\"{&quot;background_background&quot;:&quot;classic&quot;}\">\n\t\t\t\t\t\t\t<div class=\"elementor-background-overlay\"><\/div>\n\t\t\t\t\t\t\t<div class=\"elementor-container elementor-column-gap-default\">\n\t\t\t\t\t<div class=\"elementor-column elementor-col-100 elementor-top-column elementor-element elementor-element-18a4283f\" data-id=\"18a4283f\" data-element_type=\"column\">\n\t\t\t<div class=\"elementor-widget-wrap\">\n\t\t\t\t\t\t\t\t\t<\/div>\n\t\t<\/div>\n\t\t\t\t\t\t\t<\/div>\n\t\t<\/section>\n\t\t\t\t<section class=\"elementor-section elementor-top-section elementor-element elementor-element-31cc6373 elementor-section-boxed elementor-section-height-default elementor-section-height-default\" data-id=\"31cc6373\" data-element_type=\"section\">\n\t\t\t\t\t\t<div class=\"elementor-container elementor-column-gap-default\">\n\t\t\t\t\t<div class=\"elementor-column elementor-col-50 elementor-top-column elementor-element elementor-element-2d0b25a\" data-id=\"2d0b25a\" data-element_type=\"column\">\n\t\t\t<div class=\"elementor-widget-wrap elementor-element-populated\">\n\t\t\t\t\t\t\t\t<div class=\"elementor-element elementor-element-1878fa1d dce_masking-none elementor-widget elementor-widget-image\" data-id=\"1878fa1d\" data-element_type=\"widget\" data-widget_type=\"image.default\">\n\t\t\t\t<div class=\"elementor-widget-container\">\n\t\t\t\t\t\t\t\t\t\t\t\t\t\t\t<img fetchpriority=\"high\" decoding=\"async\" width=\"600\" height=\"400\" src=\"https:\/\/xmaster.it\/rtsgroup\/wp-content\/uploads\/sites\/4\/2020\/12\/point-logo.jpg\" class=\"attachment-large size-large wp-image-4256\" alt=\"\" srcset=\"https:\/\/xmaster.it\/rtsgroup\/wp-content\/uploads\/sites\/4\/2020\/12\/point-logo.jpg 600w, https:\/\/xmaster.it\/rtsgroup\/wp-content\/uploads\/sites\/4\/2020\/12\/point-logo-300x200.jpg 300w\" sizes=\"(max-width: 600px) 100vw, 600px\" \/>\t\t\t\t\t\t\t\t\t\t\t\t\t\t\t<\/div>\n\t\t\t\t<\/div>\n\t\t\t\t\t<\/div>\n\t\t<\/div>\n\t\t\t\t<div class=\"elementor-column elementor-col-50 elementor-top-column elementor-element elementor-element-7c9aeded\" data-id=\"7c9aeded\" data-element_type=\"column\">\n\t\t\t<div class=\"elementor-widget-wrap elementor-element-populated\">\n\t\t\t\t\t\t\t\t<div class=\"elementor-element elementor-element-45d57d5 elementor-widget elementor-widget-text-editor\" data-id=\"45d57d5\" data-element_type=\"widget\" data-widget_type=\"text-editor.default\">\n\t\t\t\t<div class=\"elementor-widget-container\">\n\t\t\t\t\t\t\t<p class=\"p1\">Le Autofficine <strong>Point Service<\/strong> sono specializzate per la riparazione di tutte le vetture\u201d.<\/p><p class=\"p1\">Parlare unicamente del prezzo della riparazione \u00e8 per\u00f2 riduttivo; il progetto Point Service mira a molto di pi\u00f9.<\/p><p class=\"p1\"><br \/>La Rete Point Service, infatti, \u00e8 un <strong>punto di riferimento per la riparazione di tutti i modelli di vetture circolanti in Italia<\/strong>, dalle pi\u00f9 recenti fino ai modelli pi\u00f9 datati, anche nel periodo di garanzia della Casa Costruttrice.<\/p>\t\t\t\t\t\t<\/div>\n\t\t\t\t<\/div>\n\t\t\t\t\t<\/div>\n\t\t<\/div>\n\t\t\t\t\t\t\t<\/div>\n\t\t<\/section>\n\t\t\t\t<section data-dce-background-color=\"#F6F6F6\" class=\"elementor-section elementor-top-section elementor-element elementor-element-dc4e4dc elementor-section-boxed elementor-section-height-default elementor-section-height-default\" data-id=\"dc4e4dc\" data-element_type=\"section\" data-settings=\"{&quot;background_background&quot;:&quot;classic&quot;}\">\n\t\t\t\t\t\t<div class=\"elementor-container elementor-column-gap-default\">\n\t\t\t\t\t<div class=\"elementor-column elementor-col-100 elementor-top-column elementor-element elementor-element-a657346\" data-id=\"a657346\" data-element_type=\"column\">\n\t\t\t<div class=\"elementor-widget-wrap elementor-element-populated\">\n\t\t\t\t\t\t\t\t<div class=\"elementor-element elementor-element-bc26438 elementor-widget elementor-widget-heading\" data-id=\"bc26438\" data-element_type=\"widget\" data-widget_type=\"heading.default\">\n\t\t\t\t<div class=\"elementor-widget-container\">\n\t\t\t<h2 class=\"elementor-heading-title elementor-size-default\">Vuoi maggiori informazioni?<\/h2>\t\t<\/div>\n\t\t\t\t<\/div>\n\t\t\t\t<div class=\"elementor-element elementor-element-09d13e2 elementor-align-center elementor-widget elementor-widget-button\" data-id=\"09d13e2\" data-element_type=\"widget\" data-widget_type=\"button.default\">\n\t\t\t\t<div class=\"elementor-widget-container\">\n\t\t\t\t\t<div class=\"elementor-button-wrapper\">\n\t\t\t<a class=\"elementor-button elementor-button-link elementor-size-sm\" href=\"https:\/\/xmaster.it\/ggroup\/contatti\/\">\n\t\t\t\t\t\t<span class=\"elementor-button-content-wrapper\">\n\t\t\t\t\t\t<span class=\"elementor-button-text\">Contattaci<\/span>\n\t\t<\/span>\n\t\t\t\t\t<\/a>\n\t\t<\/div>\n\t\t\t\t<\/div>\n\t\t\t\t<\/div>\n\t\t\t\t\t<\/div>\n\t\t<\/div>\n\t\t\t\t\t\t\t<\/div>\n\t\t<\/section>\n\t\t\t\t\t\t\t<\/div>\n\t\t","protected":false},"excerpt":{"rendered":"<p>Le Autofficine Point Service sono specializzate per la riparazione di tutte le vetture\u201d. Parlare unicamente del prezzo della riparazione \u00e8 per\u00f2 riduttivo; il progetto Point Service mira a molto di pi\u00f9. La Rete Point Service, infatti, \u00e8 un punto di riferimento per la riparazione di tutti i modelli di vetture circolanti in Italia, dalle pi\u00f9 [&hellip;]<\/p>\n","protected":false},"author":3,"featured_media":0,"parent":2184,"menu_order":0,"comment_status":"closed","ping_status":"closed","template":"elementor_header_footer","meta":{"footnotes":""},"acf":[],"yoast_head":"<!-- This site is optimized with the Yoast SEO plugin v21.8.1 - https:\/\/yoast.com\/wordpress\/plugins\/seo\/ -->\n<title>Point Service - RTS Group - Il tuo riferimento Xmaster per il Nord Est<\/title>\n<meta name=\"robots\" content=\"index, follow, max-snippet:-1, max-image-preview:large, max-video-preview:-1\" \/>\n<link rel=\"canonical\" href=\"https:\/\/xmaster.it\/rtsgroup\/network-officine\/point-service\/\" \/>\n<meta property=\"og:locale\" content=\"it_IT\" \/>\n<meta property=\"og:type\" content=\"article\" \/>\n<meta property=\"og:title\" content=\"Point Service - RTS Group - Il tuo riferimento Xmaster per il Nord Est\" \/>\n<meta property=\"og:description\" content=\"Le Autofficine Point Service sono specializzate per la riparazione di tutte le vetture\u201d. Parlare unicamente del prezzo della riparazione \u00e8 per\u00f2 riduttivo; il progetto Point Service mira a molto di pi\u00f9. La Rete Point Service, infatti, \u00e8 un punto di riferimento per la riparazione di tutti i modelli di vetture circolanti in Italia, dalle pi\u00f9 [&hellip;]\" \/>\n<meta property=\"og:url\" content=\"https:\/\/xmaster.it\/rtsgroup\/network-officine\/point-service\/\" \/>\n<meta property=\"og:site_name\" content=\"RTS Group - Il tuo riferimento Xmaster per il Nord Est\" \/>\n<meta property=\"article:modified_time\" content=\"2020-12-09T19:09:30+00:00\" \/>\n<meta property=\"og:image\" content=\"http:\/\/xmaster.it\/rtsgroup\/wp-content\/uploads\/sites\/4\/2020\/12\/point-logo.jpg\" \/>\n<meta name=\"twitter:card\" content=\"summary_large_image\" \/>\n<script type=\"application\/ld+json\" class=\"yoast-schema-graph\">{\"@context\":\"https:\/\/schema.org\",\"@graph\":[{\"@type\":\"WebPage\",\"@id\":\"https:\/\/xmaster.it\/rtsgroup\/network-officine\/point-service\/\",\"url\":\"https:\/\/xmaster.it\/rtsgroup\/network-officine\/point-service\/\",\"name\":\"Point Service - RTS Group - Il tuo riferimento Xmaster per il Nord Est\",\"isPartOf\":{\"@id\":\"https:\/\/xmaster.it\/rtsgroup\/#website\"},\"datePublished\":\"2020-12-09T19:02:15+00:00\",\"dateModified\":\"2020-12-09T19:09:30+00:00\",\"breadcrumb\":{\"@id\":\"https:\/\/xmaster.it\/rtsgroup\/network-officine\/point-service\/#breadcrumb\"},\"inLanguage\":\"it-IT\",\"potentialAction\":[{\"@type\":\"ReadAction\",\"target\":[\"https:\/\/xmaster.it\/rtsgroup\/network-officine\/point-service\/\"]}]},{\"@type\":\"BreadcrumbList\",\"@id\":\"https:\/\/xmaster.it\/rtsgroup\/network-officine\/point-service\/#breadcrumb\",\"itemListElement\":[{\"@type\":\"ListItem\",\"position\":1,\"name\":\"Home\",\"item\":\"https:\/\/xmaster.it\/rtsgroup\/\"},{\"@type\":\"ListItem\",\"position\":2,\"name\":\"Network Officine\",\"item\":\"https:\/\/xmaster.it\/rtsgroup\/network-officine\/\"},{\"@type\":\"ListItem\",\"position\":3,\"name\":\"Point Service\"}]},{\"@type\":\"WebSite\",\"@id\":\"https:\/\/xmaster.it\/rtsgroup\/#website\",\"url\":\"https:\/\/xmaster.it\/rtsgroup\/\",\"name\":\"RTS Group - Il tuo riferimento Xmaster per il Nord Est\",\"description\":\"L&#039;evoluzione nell&#039;autoriparazione\",\"potentialAction\":[{\"@type\":\"SearchAction\",\"target\":{\"@type\":\"EntryPoint\",\"urlTemplate\":\"https:\/\/xmaster.it\/rtsgroup\/?s={search_term_string}\"},\"query-input\":\"required name=search_term_string\"}],\"inLanguage\":\"it-IT\"}]}<\/script>\n<!-- \/ Yoast SEO plugin. -->","yoast_head_json":{"title":"Point Service - RTS Group - Il tuo riferimento Xmaster per il Nord Est","robots":{"index":"index","follow":"follow","max-snippet":"max-snippet:-1","max-image-preview":"max-image-preview:large","max-video-preview":"max-video-preview:-1"},"canonical":"https:\/\/xmaster.it\/rtsgroup\/network-officine\/point-service\/","og_locale":"it_IT","og_type":"article","og_title":"Point Service - RTS Group - Il tuo riferimento Xmaster per il Nord Est","og_description":"Le Autofficine Point Service sono specializzate per la riparazione di tutte le vetture\u201d. Parlare unicamente del prezzo della riparazione \u00e8 per\u00f2 riduttivo; il progetto Point Service mira a molto di pi\u00f9. La Rete Point Service, infatti, \u00e8 un punto di riferimento per la riparazione di tutti i modelli di vetture circolanti in Italia, dalle pi\u00f9 [&hellip;]","og_url":"https:\/\/xmaster.it\/rtsgroup\/network-officine\/point-service\/","og_site_name":"RTS Group - Il tuo riferimento Xmaster per il Nord Est","article_modified_time":"2020-12-09T19:09:30+00:00","og_image":[{"url":"http:\/\/xmaster.it\/rtsgroup\/wp-content\/uploads\/sites\/4\/2020\/12\/point-logo.jpg"}],"twitter_card":"summary_large_image","schema":{"@context":"https:\/\/schema.org","@graph":[{"@type":"WebPage","@id":"https:\/\/xmaster.it\/rtsgroup\/network-officine\/point-service\/","url":"https:\/\/xmaster.it\/rtsgroup\/network-officine\/point-service\/","name":"Point Service - RTS Group - Il tuo riferimento Xmaster per il Nord Est","isPartOf":{"@id":"https:\/\/xmaster.it\/rtsgroup\/#website"},"datePublished":"2020-12-09T19:02:15+00:00","dateModified":"2020-12-09T19:09:30+00:00","breadcrumb":{"@id":"https:\/\/xmaster.it\/rtsgroup\/network-officine\/point-service\/#breadcrumb"},"inLanguage":"it-IT","potentialAction":[{"@type":"ReadAction","target":["https:\/\/xmaster.it\/rtsgroup\/network-officine\/point-service\/"]}]},{"@type":"BreadcrumbList","@id":"https:\/\/xmaster.it\/rtsgroup\/network-officine\/point-service\/#breadcrumb","itemListElement":[{"@type":"ListItem","position":1,"name":"Home","item":"https:\/\/xmaster.it\/rtsgroup\/"},{"@type":"ListItem","position":2,"name":"Network Officine","item":"https:\/\/xmaster.it\/rtsgroup\/network-officine\/"},{"@type":"ListItem","position":3,"name":"Point Service"}]},{"@type":"WebSite","@id":"https:\/\/xmaster.it\/rtsgroup\/#website","url":"https:\/\/xmaster.it\/rtsgroup\/","name":"RTS Group - Il tuo riferimento Xmaster per il Nord Est","description":"L&#039;evoluzione nell&#039;autoriparazione","potentialAction":[{"@type":"SearchAction","target":{"@type":"EntryPoint","urlTemplate":"https:\/\/xmaster.it\/rtsgroup\/?s={search_term_string}"},"query-input":"required name=search_term_string"}],"inLanguage":"it-IT"}]}},"_links":{"self":[{"href":"https:\/\/xmaster.it\/rtsgroup\/wp-json\/wp\/v2\/pages\/4265"}],"collection":[{"href":"https:\/\/xmaster.it\/rtsgroup\/wp-json\/wp\/v2\/pages"}],"about":[{"href":"https:\/\/xmaster.it\/rtsgroup\/wp-json\/wp\/v2\/types\/page"}],"author":[{"embeddable":true,"href":"https:\/\/xmaster.it\/rtsgroup\/wp-json\/wp\/v2\/users\/3"}],"replies":[{"embeddable":true,"href":"https:\/\/xmaster.it\/rtsgroup\/wp-json\/wp\/v2\/comments?post=4265"}],"version-history":[{"count":0,"href":"https:\/\/xmaster.it\/rtsgroup\/wp-json\/wp\/v2\/pages\/4265\/revisions"}],"up":[{"embeddable":true,"href":"https:\/\/xmaster.it\/rtsgroup\/wp-json\/wp\/v2\/pages\/2184"}],"wp:attachment":[{"href":"https:\/\/xmaster.it\/rtsgroup\/wp-json\/wp\/v2\/media?parent=4265"}],"curies":[{"name":"wp","href":"https:\/\/api.w.org\/{rel}","templated":true}]}}